1. Calculate q(-1).
-27
Let w(i) = -2*i**3 + i**2 - 2*i + 2. Determine w(2).
-14
Let i(t) = t**2 - 4*t - 18. Give i(7).
3
Let b(v) = v + 16. What is b(0)?
16
Let c(v) = -2*v + 9. Give c(4).
1
Let n(p) = 3*p + 2. Calculate n(-2).
-4
Let o(d) = -2*d + 9. Give o(6).
-3
Let s(x) = -27*x - 2. Determine s(-3).
79
Let u(x) = x**2 + 26*x + 3. Calculate u(-26).
3
Let w(x) = -3*x**2 - 3*x + 1. Calculate w(1).
-5
Let t(v) = -13*v - 9. Determine t(-7).
82
Let m(h) = 4*h. Give m(-2).
-8
Let g(c) = c**3 - 3*c**2 - 10*c + 30. Calculate g(4).
6
Let j(c) = 52*c**3 - 2*c**2 + c. Calculate j(1).
51
Let s(g) = -51*g**3 - 2*g**2 + 1. Calculate s(-1).
50
Let u(d) = -5*d**3 - d**2 + d - 1. Determine u(1).
-6
Let j(t) = 2*t**3 - 6*t**2 - 11*t + 11. What is j(4)?
-1
Let l(g) = 4*g - 11. Give l(2).
-3
Let m(j) = -2*j**2 - 4*j - 4. What is m(-4)?
-20
Let g(i) = -i + 13. Calculate g(8).
5
Let s(d) = -10*d + 10. What is s(5)?
-40
Let i(z) = 3*z**3 - 39*z**2 + z + 1. Determine i(13).
14
Let k(o) = -3*o**2 + 5*o + 13. What is k(-2)?
-9
Let f(t) = 2*t**3 - 44*t**2 - 2*t + 41. Give f(22).
-3
Let q(l) = l**2 + 11*l - 3. What is q(-9)?
-21
Let i(y) = y**3 - 15*y**2 - 6. What is i(15)?
-6
Let k(u) = u + 26. Determine k(9).
35
Let x(p) = -5*p**2 - 3. What is x(2)?
-23
Let x(n) = -n**3 - 26*n**2 + 56*n - 20. What is x(-28)?
-20
Let t(d) = 8*d - 199. Give t(24).
-7
Let x(n) = -41*n**2 + 3*n + 1. What is x(-1)?
-43
Let s(q) = q**2 - 5*q - 15. Calculate s(6).
-9
Let i(f) = 2*f**3 + f**2 - 5*f + 4. Give i(2).
14
Let l(b) = b**3 - 8*b**2 + 6*b + 2. Determine l(7).
-5
Let q(g) = -2*g**2 + 25*g - 62. Give q(4).
6
Let q(n) = -2*n**2 + 19*n + 18. Give q(11).
-15
Let k(v) = v**2 - 10*v - 7. Give k(11).
4
Let f(m) = -m + 16. What is f(11)?
5
Let a(i) = -4*i - 11. Give a(-4).
5
Let f(k) = k**3 - 7*k**2 + k. What is f(6)?
-30
Let b(c) = -c**2 + 10*c + 2. Determine b(6).
26
Let g(t) = 3*t + 13. Calculate g(-5).
-2
Let q(d) = d**2 + d + 6. Give q(0).
6
Let j(b) = 2*b**2 - 16*b + 17. Calculate j(11).
83
Let p(j) = j**3 + 7*j**2 - 3*j + 6. Determine p(-8).
-34
Let j(p) = 4*p - 42. What is j(24)?
54
Let l(u) = u**3 + 6*u**2 - 4*u - 5. Determine l(-6).
19
Let m(s) = s**2 - 10*s + 23. What is m(9)?
14
Let i(t) = -t**3 + 15*t**2 + 25*t - 143. Calculate i(16).
1
Let i(a) = -3*a - 4. Give i(-6).
14
Let j(m) = -m**3 - 7*m**2 + 17*m - 5. Determine j(-9).
4
Let f(a) = 3*a**2 + 1. Calculate f(-3).
28
Let g(t) = -2*t + 5. Determine g(7).
-9
Let q(y) = 8*y**2 - 12*y + 9. Calculate q(5).
149
Let n(k) = -12*k**2 + 1. Calculate n(-1).
-11
Let m(q) = 2*q - 51. Determine m(27).
3
Let f(n) = 14*n - 6. Calculate f(-4).
-62
Let f(r) = -97*r - 5. Calculate f(1).
-102
Let j(a) = a**3 + 7*a**2 + a - 10. Determine j(-8).
-82
Let b(r) = -r**2 - 6*r + 25. What is b(-13)?
-66
Let k(s) = -2*s - 19. What is k(-11)?
3
Let k(w) = 2*w**2 + 29*w - 12. Give k(-15).
3
Let h(t) = 17*t**2 - 2*t - 1. Give h(2).
63
Let q(h) = 4*h + 5. Determine q(-2).
-3
Let f(q) = q - 1. Determine f(5).
4
Let t(z) = 12*z + 11. Give t(-6).
-61
Let d(l) = -61*l**2. Calculate d(1).
-61
Let d(m) = 3*m**2 - 2. What is d(2)?
10
Let s(c) = -c**3 - 20*c**2 + 44*c + 3. What is s(-22)?
3
Let w(m) = -m**2 + 8*m - 7. Calculate w(7).
0
Let d(n) = -n**3 - 4*n**2 + 4*n - 10. Determine d(-5).
-5
Let q(a) = a**2 + 14*a + 29. Calculate q(-10).
-11
Let g(q) = 34*q + 129. What is g(-4)?
-7
Let o(y) = y + 9. Calculate o(-3).
6
Let q(s) = -13*s + 11. Calculate q(2).
-15
Let x(u) = -16*u + 164. Calculate x(11).
-12
Let w(m) = -m + 51. What is w(0)?
51
Let d(n) = -117*n - 709. Determine d(-6).
-7
Let z(k) = -k**3 - 10*k**2 + 16*k - 9. What is z(-12)?
87
Let q(b) = -3*b - 13. Give q(-9).
14
Let i(f) = -11*f**2 - 2*f - 1. What is i(-1)?
-10
Let q(j) = 2*j**2 + 19*j + 3. Give q(-9).
-6
Let g(f) = f**2 + 19*f + 50. Give g(-18).
32
Let c(u) = 7*u - 58. What is c(9)?
5
Let o(c) = 11*c + 285. What is o(-26)?
-1
Let c(q) = -q**3 - 5*q**2 - 6*q - 5. What is c(-4)?
3
Let k(h) = 2*h**2 + 17*h + 17. What is k(-7)?
-4
Let i(n) = -4*n**2 - 2*n - 1. Give i(-1).
-3
Let q(i) = i**2 + 24*i + 82. Determine q(-5).
-13
Let d(k) = k**2 - 6*k - 2. What is d(5)?
-7
Let n(c) = -3*c**3 + 4*c**2 + 6*c - 2. Determine n(3).
-29
Let j(t) = -t - 1. Give j(-4).
3
Let k(q) = -3*q**2 - 198*q - 200. What is k(-65)?
-5
Let g(y) = y**3 + 11*y**2 - 10*y + 22. Give g(-12).
-2
Let w(h) = 11*h - 1. Give w(1).
10
Let g(q) = -q**2 - 14*q - 13. What is g(-14)?
-13
Let q(c) = -12*c**2 - c - 2. What is q(2)?
-52
Let h(x) = -15*x**2 - 7*x. Determine h(3).
-156
Let u(o) = 2*o**3 + 8*o**2 - 11*o - 10. What is u(-5)?
-5
Let z(k) = k**2 - 5*k - 34. Give z(-4).
2
Let r(m) = m - 7. Give r(3).
-4
Let h(u) = 42*u. Determine h(1).
42
Let n(a) = a**3 + 7*a**2 + 10*a + 1. Give n(-5).
1
Let j(i) = -i - 16. Give j(0).
-16
Let x(b) = -b**3 + 11*b**2 + 16*b + 11. What is x(12)?
59
Let u(f) = f**3 + 19*f**2 + 2*f + 46. Determine u(-19).
8
Let o(x) = -x**2 + 32*x - 30. What is o(31)?
1
Let u(m) = -8*m**2 + m. Determine u(-1).
-9
Let r(c) = c**2 - 21*c + 6. Give r(21).
6
Let g(m) = m**2 + 11*m + 35. Determine g(-7).
7
Let v(a) = 6*a + 1. Determine v(-10).
-59
Let j(k) = 2*k**3 + 9*k**2 + 2*k - 5. Determine j(-1).
0
Let n(w) = -2*w**2 - 7*w - 7. Give n(-5).
-22
Let n(z) = 5*z + 8. Determine n(7).
43
Let a(d) = d**3 + 2*d**2 - 2*d + 4. Give a(-4).
-20
Let z(r) = -2*r**2 + 32*r - 8. What is z(0)?
-8
Let o(x) = x - 2. Determine o(-14).
-16
Let k(i) = i**2 + 20*i + 76. Calculate k(-14).
-8
Let r(i) = -2*i**2 + 118*i + 119. Calculate r(60).
-1
Let p(t) = 3*t**3 + 3*t**2 - 3*t. Give p(2).
30
Let a(n) = -n**2 - 21*n + 343. Calculate a(11).
-9
Let u(v) = v**2 + 8*v - 4. Calculate u(-6).
-16
Let i(w) = -w + 18. What is i(28)?
-10
Let m(z) = -16*z + 2. Calculate m(1).
-14
Let w(p) = p**2 - 12*p + 19. What is w(10)?
-1
Let x(a) = a**2 - 9*a + 17. What is x(5)?
-3
Let l(v) = v**3 - 7*v**2 + 4*v + 8. Determine l(7).
36
Let t(c) = c**2 - 10*c + 11. Calculate t(8).
-5
Let u(b) = -b**3 - b**2 + 25*b + 41. Calculate u(-5).
16
Let z(f) = f**2 + 23*f + 37. Determine z(-21).
-5
Let i(q) = -q**3 - 5*q**2 + 5*q - 7. Calculate i(-6).
-1
Let y(m) = m**3 + 2*m**2 - 7*m - 3. What is y(3)?
21
Let o(m) = 3*m**2 - 3*m. Determine o(2).
6
Let v(n) = n**3 + 15*n**2 - 4*n + 17. What is v(-15)?
77
Let l(t) = -t**2 + 5*t - 2. Give l(6).
-8
Let u(h) = 3*h + 4. What is u(2)?
10
Let l(y) = -y**2 - 16*y - 51. What is l(-12)?
-3
Let t(b) = 2*b**3 - 3*b**2 + 2*b + 5. What is t(-1)?
-2
Let w(b) = b**2 + 14*b + 5. Give w(-8).
-43
Let v(a) = -a**2 - 6*a + 11. Give v(-8).
-5
Let t(h) = -9*h**2 + 2. What is t(2)?
-34
Let y(h) = 8*h + 86. Calculate y(-10).
6
Let t(y) = y**3 - 6*y**2 + 9*y - 8. What is t(6)?
46
Let d(h) = 2*h**2 + 2*h - 2. Give d(-2).
2
Let b(p) = p**2 + 16*p - 19. Give b(-17).
-2
Let j(p) = -2*p**2 + 6*p - 1. Calculate j(4).
-9
Let r(q) = 84*q - 1013. Give r(12).
-5
Let c(x) = x**2 + 3*x - 2. What is c(1)?
2
Let w(h) = -11*h**3 + h**2 + 4*h + 2. Determine w(-1).
10
Let t(g) = g**3 - 5*g**2 + 10*g - 22. What is t(4)?
2
Let r(v) = -v**3 + 5*v**2 + 15*v - 41. Determine r(6).
13
Let n(h) = h**2 - 5*h. What is n(4)?
-4
Let b(f) = 9*f**3 + 4*f - 10. Determine b(2).
70
Let u(m) = m - 15. Determine u(27).
12
Let x(n) = -n**2 - 28*n + 33. Determine x(-29).
4
Let q(r) = -4*r - 20. Give q(-25).
80
Let x(g) = -2*g - 8. What is x(-8)?
8
Let h(z) = -8*z - 2. Determine h(4).
-34
Let r(x) = 4*x**2 + 4*x + 2. Calculate r(-1).
2
Let o(b) = -22*b + 1. Calculate o(1).
-21
Let y(t) = -t**2 - 6*t + 24. Calculate y(-10).
-16
Let i(c) = -4*c**2 + 18*c - 3. Determine i(4).
5
Let a(n) = n**3 - 3*n**2 - 4*n + 4. Give a(4).
4
Let g(c) = -110*c - 785. Determine g(-7).
-15
Let n(p) = 121*p + 488. Calculate n(-4).
4
Let y(c) = -c**2 - 5*c - 3. What is y(-3)?
3
Let w(r) = -27*r + 1047. Calculate w(39).
-6
Let w(r) = -r**3 + 48*r**2 + 98*r + 102. Give w(50).
2
Let u(l) = -3*l**2 + 8*l - 9. What is u(2)?
-5
Let k(p) = p**2 + 5*p - 2. Determine k(-7).
12
Let n(y) = -4*y - 36. Give n(5).
-56
Let j(q) = q**3 - 5*q**2 + q + 12. Give j(4).
0
Let x(s) = -s**2 - s + 2. Give x(2).
-4
Let m(y) = 2*y**3 + 49*y**2 + 26*y + 33. Calculate m(-24).
-15
Let g(h) = 6*h**2 + 5*h + 3. Calculate g(0).
3
Let o(x) = 44*x + 307. Calculate o(-7).
-1
Let n(r) = r**2 + 25*r + 41. What is n(-23)?
-5
Let y(k) = -k**3 + 7*k**